830, 3*z + 5*s - 28183 = 51. What is the units digit of z?
3
Let x be 2 + 5 + -1 + -1. Let j be (19/(-2))/(x*(-4)/(-200)). Let y = j - -191. What is the units digit of y?
6
Let u be (9 + -12)/(-1 + 1 + -1). Suppose u*c - 4*h = 48, -14 = -c - 4*h + 2. Suppose 0 = 11*s - c*s + 410. What is the units digit of s?
2
Suppose -25*l + 87000 = -21*l + 5*i, -i + 21750 = l. What is the units digit of l?
0
Let t be (-3 + 4 - (-1355)/3)*-3. Let y = t + 2316. What is the tens digit of y?
5
Let f(t) = 75*t - 69. Let z(j) = 15*j - 14. Let x(y) = -2*f(y) + 11*z(y). Suppose 0 = 2*h + 5*u + 16, 5*h = 242*u - 247*u + 5. What is the units digit of x(h)?
9
Suppose 0*v - 39 = -3*v. Let x = 17 - v. What is the units digit of (-34)/x*(18 - 28)?
5
Let c(x) = -55*x - 13. Let q be c(-7). Let l be ((-3)/(-2))/((-9)/q). Let u = l + 176. What is the tens digit of u?
1
Suppose 176*u = 173*u - 6. Let z(k) = -14*k**3 + k - 3. What is the tens digit of z(u)?
0
Let u = 31 + -28. Suppose -366 + 2697 = u*r. Suppose 12*a - 19*a = -r. What is the tens digit of a?
1
Let h = 9950 + -1244. What is the units digit of h?
6
Let t(v) = -v**3 + 25*v**2 - v - 40. Let m be t(25). Let y = m - -506. What is the hundreds digit of y?
4
Suppose 0 = z + 2*z - 18. Suppose 0 = -2*f - z - 2. What is the units digit of -3 - (188/f - 0)?
4
Suppose -19*b + 28 = -5*b. What is the units digit of 600/48*(-13)/b*-4?
5
Let d = 39227 - 13483. What is the ten thousands digit of d?
2
Let k = 2313 - -13703. What is the hundreds digit of (-6)/(-45) - (k/(-30))/1?
5
Let d = 375 - 373. Suppose -988 = -d*t + 922. What is the tens digit of t?
5
Let h be (-9 - -12)*(-6)/9. Let c be (h/4)/(2/(-8)). Suppose c*m - 122 = -32. What is the tens digit of m?
4
Let v = 59 - 57. Suppose -3*b = -v*a - 20, b + 12 = -b - 5*a. Suppose 2*d - 68 = b*k, 0*d + 3*d - 99 = 3*k. What is the tens digit of d?
3
Suppose -195*b = -65*b + 155960 - 827540. What is the units digit of b?
6
Let y = 108 - 54. Let t = 3 - 7. What is the tens digit of 2/t*(0 - (y + -2))?
2
Let h(d) = 339*d - 2053. What is the tens digit of h(35)?
1
Let s(q) = -767*q - 2202. What is the units digit of s(-6)?
0
Let a(l) = l**2 + 19*l + 14. Let n be a(-17). Let h = n - -24. Suppose f + 5*t = -2*f + 101, h*t = 3*f - 119. What is the tens digit of f?
3
Let o(q) = 41*q + 6052. Let j be o(-140). Suppose 3*s + 1 = 7. Suppose -g - 3*p = s*g - j, -104 = -g + 2*p. What is the tens digit of g?
0
Let d(g) = 70*g**3 + g**2 + 20*g - 11. What is the units digit of d(6)?
5
Let v(n) = n**3 - 2*n**2 + 3*n + 2. Suppose 11*x - 8*x = 0. Suppose x*t - 6*t + 36 = 0. What is the hundreds digit of v(t)?
1
Let z(d) = 45*d**2 + 16. Let o be z(4). Suppose 2*k = -4*b + o, 64*b - 12 = 60*b. What is the tens digit of k?
6
Let t(d) = -6 + 3*d - 2*d + 4*d**2 - 2*d**3 + 4*d**3 + 0*d. What is the units digit of t(2)?
8
Let q(i) = -4*i + 2. Let b be (-1*(3 + -2))/(-1). Let m be q(b). What is the tens digit of -2 + ((-30)/m - 1)?
1
Let s(c) = 2817*c - 2093. What is the hundreds digit of s(13)?
5
What is the units digit of -2 - (-16)/7 - 151085/(-35)?
7
Let z = 351 - 935. Let v = z + 1088. What is the tens digit of v?
0
Let o = 146 - 143. Suppose 10*j = 7*j - o. Let b(s) = -295*s - 6. What is the units digit of b(j)?
9
Let v(j) be the second derivative of -j**5/20 + 13*j**4/12 + 2*j**3/3 - 19*j**2/2 - 14*j. Let g be v(13). Let r = -21 + g. What is the tens digit of r?
1
Let f be 50154/130 - (-4)/(-5). Let t = 699 - f. What is the hundreds digit of t?
3
Let n be ((-6)/(-120)*685)/((-1)/(-16)). Suppose 3*j + s = 1387, 4*j = 3*s + n + 1297. What is the hundreds digit of j?
4
Let k(c) = 12*c**3 - 3*c**2 + 4*c - 2. Let d(s) = -6*s**2. Let b be d(-1). Let l(x) = -x**2 - 8*x - 10. Let p be l(b). What is the units digit of k(p)?
0
Suppose -96*s + 476393 + 368667 = -52636. What is the tens digit of s?
5
Suppose -4*i + y = -25664, y = -19*i + 24*i - 32080. What is the units digit of i?
6
Suppose 0 = 5*g - 5*k - 18998 - 692, 8 = 4*k. Suppose -w = -11*w + g. What is the tens digit of w?
9
Suppose 2*k = k - 5*d + 137, d + 2 = 0. Suppose -a + 98 - 18 = 0. Let v = k - a. What is the tens digit of v?
6
What is the thousands digit of (((-10)/(-15))/((-28)/(-72)) - 6)*-8505?
6
Let b = 139487 + -64607. What is the tens digit of b?
8
Suppose -10 = 5*o - 7*o. Suppose 2*k - o*p - 802 = -2*p, -2*p = 3*k - 1177. Suppose 0 = f + g + 2*g - 62, -5*f + k = -2*g. What is the units digit of f?
7
Let b(x) = 6*x**2 - 16*x + 587. What is the units digit of b(16)?
7
Let s(m) = 3*m + 78. Let f be s(-25). Let r(o) = 22*o**2 + 3. What is the tens digit of r(f)?
0
Let f = 3069 + 469. What is the hundreds digit of f?
5
Let v = 42 - 22. Let h be 2 - 4/v*0. Suppose h*u + 3 = 75. What is the units digit of u?
6
Suppose x = 5*a + 50, 3*a - a = -4*x + 90. Let b = x - 30. What is the units digit of 2/b + 7/5?
1
Let d = 157 - 416. Let h = d - -550. What is the tens digit of h?
9
Let l(x) = -1992*x - 32. Let m be l(-11). What is the units digit of 2/4*m/20?
7
Suppose 4*v - 70 = 6*v + 4*t, t + 130 = -5*v. What is the units digit of 5/(v/(-3655)) - 6?
5
Let d(k) = 543*k**2 - 6*k - 7. Let r be d(-1). Let a = r - 186. What is the units digit of a?
6
Let p(z) = z**3 + 21*z**2 + 37*z + 15. Suppose -67 - 167 = 13*m. What is the tens digit of p(m)?
2
Let s = 65763 - 33342. What is the units digit of s?
1
Let z(y) = 2*y + 56. Let c be z(-26). Suppose -5*g + 8*t = c*t + 31, t = 2*g + 10. What is the tens digit of 3 - (-104)/((-12)/g)?
2
What is the thousands digit of 54/(-2)*-9*(165 + -12 + 3)?
7
Let d(i) = -i**2 - 7*i - 6. Let k be d(-5). Let n = 6 - k. Suppose 0 = n*j - 86 + 20. What is the units digit of j?
3
Let j(x) = -14 + 2*x**3 + 651*x - 658*x - 3*x**3 + 15*x**2. Let m be j(7). Suppose 5*d + 79 = m. What is the units digit of d?
0
Suppose 9*t = 5*t + 2616. Suppose -3*o + o + t = 5*a, -3*a - 2*o + 390 = 0. What is the units digit of 11/(a/(-16))*(1 - 64)?
4
Suppose -10*d = -15*d. Suppose -4*w + 2*m + 0*m + 20 = d, -32 = -5*w - m. Let f(x) = 4*x - 21. What is the units digit of f(w)?
3
Suppose 3*r = x + 339, -2*r + x - 7 = -233. Let u = 804 - r. What is the tens digit of u?
9
Let d = -80 - -583. Suppose -11351 = -8*r - d. What is the units digit of r?
6
Suppose -106 = f + 5*k, 2*f + 410 = -3*f - k. What is the units digit of -12*9/f*18/8?
3
Let z be 1/(-5 - 1578/(-315)). Let n(f) = -2*f**2 - 9*f + 7. Let v be n(-7). Let l = z - v. What is the tens digit of l?
3
Let w(y) = -4*y + 0 + y + 13 - 1. Let q be w(4). Suppose -3*t + q*t + 159 = 0. What is the units digit of t?
3
Let d = -224 + 232. Let j(v) = 2*v**3 - 7*v**2 - 7*v + 48. What is the units digit of j(d)?
8
Suppose -411380 = -41*r + 431662. What is the units digit of r?
2
Let x(z) = -30*z - 46. Let n(g) = -29*g - 47. Let h(p) = -5*n(p) + 6*x(p). What is the tens digit of h(-9)?
7
Suppose 0 = 3*z - 2*o - 11, -o - 8 = -7. Suppose 3558 = z*h - 354. What is the tens digit of h?
0
Suppose -3061*u + 3056*u + 30 = 0, -46073 = -5*o + 2*u. What is the thousands digit of o?
9
What is the tens digit of (5 + 1542/(-18))*(-189)/2?
2
Let i = 38 - 34. Let r be 4 - ((1 - i) + -41). Let y = r - 21. What is the tens digit of y?
2
Let m(v) = 15*v**2 - 12*v + 18. Let o(f) = -7*f**2 + 6*f - 9. Let s(u) = 4*m(u) + 7*o(u). What is the hundreds digit of s(4)?
1
Suppose -s = 2*v - 8570, 31555 + 11310 = 5*s + 5*v. What is the hundreds digit of s?
5
Let c = 2824 + 6392. What is the units digit of c?
6
Let b be (-3 + 2 + -2)/(-1). Suppose 2*j + j - 2*h - 34 = 0, -b*j + 32 = -4*h. Let g(l) = l**3 - 12*l**2 + 8*l - 18. What is the tens digit of g(j)?
7
What is the units digit of ((-10)/45 + 178132/18 + -2)*1?
4
Suppose -1104*g - 3*l + 47195 = -1103*g, 4*g = 5*l + 188627. What is the tens digit of g?
6
Suppose -25 = -17*c + 12*c. Suppose 11*z - 2*n = 7*z + 3048, -5*n - 3815 = -c*z. What is the tens digit of z?
6
Suppose -5*l - 5*g + 3560 = 0, -5*l + 5*g = -2*l - 2120. Let i = 1043 - l. What is the hundreds digit of i?
3
What is the hundreds digit of (2/2 + (-252)/108)/(1/(-48165))?
2
Let h = -1615 - -6280. What is the tens digit of h?
6
What is the ten thousands digit of (-2349953)/(-235) + (-6)/150*-5?
1
Let z(c) = 19*c**3 - 2*c**2 - 2*c + 9. Let o be 1386/363 + (-2)/(-11). What is the hundreds digit of z(o)?
1
Let x(c) be th